{"id":69,"date":"2025-03-09T20:13:19","date_gmt":"2025-03-09T23:13:19","guid":{"rendered":"https:\/\/blog.digestivamente.com.ar\/?page_id=69"},"modified":"2025-03-09T20:13:19","modified_gmt":"2025-03-09T23:13:19","slug":"el-proyecto-plataforma-digestivamente","status":"publish","type":"page","link":"https:\/\/blog.digestivamente.com.ar\/index.php\/el-proyecto-plataforma-digestivamente\/","title":{"rendered":"El proyecto: Plataforma Digestivamente"},"content":{"rendered":"\n<p>Digestivamente se trata de una aplicaci\u00f3n web cuyo objetivo es que los pacientes con diagn\u00f3stico de S\u00edndrome de intestino irritable (SII) puedan registrar los factores psicol\u00f3gicos e identificar su relaci\u00f3n con los s\u00edntomas gastrointestinales.\u00a0<\/p>\n\n\n\n<p>En l\u00ednea con diversas investigaciones (Burisch y Munkholm, 2015; Ankersen et al., 2017), se espera que la aplicaci\u00f3n favorezca una mayor adherencia al tratamiento y ampliar la comprensi\u00f3n del cuadro por parte de los pacientes.&nbsp;<\/p>\n\n\n\n<p>La aplicaci\u00f3n cuenta con un consentimiento informado en el que se detalla el encuadre de investigaci\u00f3n en el que se desarroll\u00f3 la aplicaci\u00f3n, la confidencialidad de los datos brindados y los fines cient\u00edficos con que se utilizar\u00e1n. Asimismo, se aclara el derecho de los pacientes para revocar el consentimiento en cualquier momento que lo deseen. Una vez que aceptan dicho consentimiento, pueden acceder a todas las herramientas de la aplicaci\u00f3n que est\u00e1n distribuidas en un listado.&nbsp;<\/p>\n\n\n\n<p>A continuaci\u00f3n, se detalla cada apartado con sus respectivos componentes:<\/p>\n\n\n\n<ul class=\"wp-block-list\">\n<li><em>Inicio<\/em><\/li>\n<\/ul>\n\n\n\n<p>El apartado de Inicio incluye la fecha actual, el \u00faltimo registro realizado y la cantidad total de registros hechos hasta el momento. Tambi\u00e9n permite visualizar el nivel de estr\u00e9s del d\u00eda en una escala del 1 (nada\/ poco estresado) al 5 (muy estresado) y la cantidad diaria de registros del paciente.<\/p>\n\n\n\n<figure class=\"wp-block-image\"><img decoding=\"async\" src=\"https:\/\/lh7-rt.googleusercontent.com\/docsz\/AD_4nXeMxiFOKEuniyLXoN222nhwtaCUQ6_LT5ApCaRYR1p68DNr_hUWqnoCVBHPWCsLXC1OZrxhSuLQk3rQnrKp0SFDebgxf1P6q5pVUiIOohfKg2fkozhhtQgoivOMsFPPOzz1vO6lxA?key=0bXu50KomtOfagNuGZ_5t92-\" alt=\"\"\/><\/figure>\n\n\n\n<ul class=\"wp-block-list\">\n<li><em>Mis registros<\/em><\/li>\n<\/ul>\n\n\n\n<p>Este apartado permite filtrar en un rango de fechas los registros realizados, que se pueden descargar en formato pdf o excel. Esto permite que el paciente pueda compartirlo con su equipo de salud en el formato que lo prefiera. Asimismo, posibilita visualizar los registros en modalidad \u201ctarjeta\u201d o \u201ctabla\u201d.<\/p>\n\n\n\n<figure class=\"wp-block-image\"><img decoding=\"async\" src=\"https:\/\/lh7-rt.googleusercontent.com\/docsz\/AD_4nXcOen_zEM8j7hNWE_YhBO8nGLusy0OiNc5UJVm9dMZoVPa076NqUpuSJK8ZRqKFykL02Wa8nE7EhJ5JCDrEAc0mURWte07IzrVgm-74SpSTuvKHgB2V3uNN6v0Rlpmun-z0lsEHww?key=0bXu50KomtOfagNuGZ_5t92-\" alt=\"\"\/><\/figure>\n\n\n\n<ul class=\"wp-block-list\">\n<li><em>Crear registro<\/em><\/li>\n<\/ul>\n\n\n\n<p>Este componente permite registrar diariamente aspectos emocionales y sintomatolog\u00eda espec\u00edfica del SII. Incluye:<\/p>\n\n\n\n<ol class=\"wp-block-list\">\n<li><em>Escala Bristol<\/em><\/li>\n<\/ol>\n\n\n\n<p>La <em>Escala Bristol <\/em>fue desarrollada y validada en Espa\u00f1a para clasificar, seg\u00fan la forma y consistencia, 7 tipos de heces (M\u00ednguez P\u00e9rez &amp; Benages Mart\u00ednez, 2009). En dicho registro, el paciente tiene que seleccionar el tipo de heces que, por el dibujo y la descripci\u00f3n que se explicita al lado de cada imagen, m\u00e1s se aproxima a la forma y consistencia de las heces que observa luego de la deposici\u00f3n. La escala est\u00e1 estructurada del 1 al 7 seg\u00fan la forma y dureza, en un espectro que va desde la&nbsp; consistencia m\u00e1s dura (tipo 1) hasta la l\u00edquida total (tipo 7).&nbsp;<\/p>\n\n\n\n<figure class=\"wp-block-image\"><img decoding=\"async\" src=\"https:\/\/lh7-rt.googleusercontent.com\/docsz\/AD_4nXfbhJQ1vvgNpjv0VJQ0bOfKXPOi86vxy2imBXmX9kd9ixGRNwxRQ1zIOcISX4_lNcsS4bQkV8ZSrx5-LPYl8hsp_4dpCmfoa6kPkLv53XeZFe_Xw0WDbs1HHllLxaysJAu746iO?key=0bXu50KomtOfagNuGZ_5t92-\" alt=\"\"\/><\/figure>\n\n\n\n<ol start=\"2\" class=\"wp-block-list\">\n<li><em>Registro de pensamientos<\/em><\/li>\n<\/ol>\n\n\n\n<p>En l\u00ednea con el registro de los pensamientos, el paciente debe responder a la pregunta \u201c\u00bfQu\u00e9 est\u00e1s pensando?\u201d Por lo tanto, tiene que describir el o los pensamientos que se le presentan en el momento en el que presenta malestar emocional. Con el fin de facilitar el entendimiento de este paso se describe un ejemplo de pensamiento. Dicho componente se basa en uno de los pasos principales dentro del modelo de la TCC basado en ense\u00f1ar al paciente a identificar y monitorear sus pensamientos.<\/p>\n\n\n\n<p>Los pensamientos autom\u00e1ticos son afirmaciones autorreferenciales que aparecen de forma autom\u00e1tica y sin esfuerzo, que constituyen un di\u00e1logo interno o autodi\u00e1logo y se relacionan con estados emocionales intensos como puede ser la ansiedad, la depresi\u00f3n o la ira, entre otros. Muchas veces, estos pensamientos, se convierten en disfuncionales por dar una falsa lectura o interpretaci\u00f3n de las experiencias, generando as\u00ed las distorsiones cognitivas (Sacco y Beck, 1995). De manera que, se vuelve sumamente relevante que el paciente pueda registrar sus pensamientos para que luego pueda visibilizar la relaci\u00f3n que tiene con sus estados emocionales y sensaciones f\u00edsicas gastrointestinales.<\/p>\n\n\n\n<figure class=\"wp-block-image\"><img decoding=\"async\" src=\"https:\/\/lh7-rt.googleusercontent.com\/docsz\/AD_4nXdWZK-E7IP4jYwKnf5PZ7wqOt9qOhk5vYcWVjvgJWy609NUtmtAXAr-Y24y8YOQfokslbxcKZTc4px9smeE_B2lJdWOfM4d1vW5gclImMYFkF2PMpy6vd1GO7tcWZQcrjtfjUbO?key=0bXu50KomtOfagNuGZ_5t92-\" alt=\"\"\/><\/figure>\n\n\n\n<ol start=\"3\" class=\"wp-block-list\">\n<li><em>Registro de emociones y su intensidad<\/em><\/li>\n<\/ol>\n\n\n\n<p>Respecto del registro de las emociones<em>, <\/em>el paciente tiene que optar entre cinco emociones la que m\u00e1s lo representa e indicar la intensidad de la misma en una escala que va del 1 al 10, donde 1 es lo m\u00e1s leve y 10 es la mayor intensidad. Las opciones de las emociones que presenta la aplicaci\u00f3n son: Alegre|Feliz; Tranquilo\/a; Triste|Angustiado\/a Ansioso\/a|Asustado\/a y Enojado\/a|Irritado\/a. La inestabilidad emocional es un factor de riesgo importante para el desarrollo de los trastornos de interacci\u00f3n intestino cerebro (Giovanni et al., 2016; Van Oudenhove, et, al., 2016). Los cambios emocionales pueden perpetuar o exacerbar los s\u00edntomas gastrointestinales. Los trastornos mentales m\u00e1s prevalentes en comorbilidad son la ansiedad y la depresi\u00f3n (Van Oudenhove, et, al., 2016).&nbsp;<\/p>\n\n\n\n<figure class=\"wp-block-image\"><img decoding=\"async\" src=\"https:\/\/lh7-rt.googleusercontent.com\/docsz\/AD_4nXe7v-LGcTFat-Jy6HrwyjfHnW1oi58O_zM4Ddu7GCMA3Yhr_DgOv1wnOtn6PCyXi7yE99rVptqqQYwCVdqFNKUBqhaDsj6B5a46etaYoaXzKmdMHj7NOkOuRicKY-NufKCkvgxv?key=0bXu50KomtOfagNuGZ_5t92-\" alt=\"\"\/><\/figure>\n\n\n\n<ol start=\"4\" class=\"wp-block-list\">\n<li><em>Registro de sensaciones f\u00edsicas<\/em><\/li>\n<\/ol>\n\n\n\n<p>En cuanto al registro de las sensaciones f\u00edsicas, el paciente tiene que seleccionar o escribir (en caso de que no est\u00e9 la opci\u00f3n correspondiente) la o las sensaciones f\u00edsicas que est\u00e1 presentando. Considerando que los s\u00edntomas m\u00e1s prevalentes en el SII son el dolor, la inflamaci\u00f3n y la distensi\u00f3n abdominal, la aplicaci\u00f3n presenta opciones predeterminadas tales como hinchaz\u00f3n, dolor de panza, etc. Este apartado es de suma relevancia debido a la relaci\u00f3n existente entre los estados emocionales y las manifestaciones fisiol\u00f3gicas. Estos s\u00edntomas pueden funcionar tanto como desencadenante de preocupaciones del paciente o como consecuencia del malestar emocional del mismo (Duddu, Isaac y Chaturvedi, 2006).<\/p>\n\n\n\n<figure class=\"wp-block-image\"><img decoding=\"async\" src=\"https:\/\/lh7-rt.googleusercontent.com\/docsz\/AD_4nXcPKEoK7h9Uv47Oi47tMTZJkMEAPwbRER_0J-Hz7hfP_Jyzh1ZCNiyUhwjQG-6oK74T6nohkltPxVBTkPfkR2pYSAAK1FJJgj5Ayd2J9AWU2Uh_RdBScLmfRkoZ13W3ZGr5a4tM?key=0bXu50KomtOfagNuGZ_5t92-\" alt=\"\"\/><\/figure>\n\n\n\n<ol start=\"5\" class=\"wp-block-list\">\n<li><em>Registro de conductas<\/em><\/li>\n<\/ol>\n\n\n\n<p>En este apartado el paciente tiene que responder a la pregunta \u201c\u00bfQu\u00e9 est\u00e1s haciendo?\u201d, es decir, debe referir qu\u00e9 acciones o comportamientos est\u00e1 llevando a cabo. Con el fin de favorecer la comprensi\u00f3n del paciente respecto de este registro, se le brinda un ejemplo sobre un posible comportamiento. Desde el modelo de la TCC, al igual que el monitoreo de pensamientos y el registro de las emociones, la descripci\u00f3n del comportamiento asociado a estos juega un rol importante. Teniendo en cuenta que uno de los principios de la TCC es que las emociones y las conductas de una persona est\u00e1n en gran parte determinadas por la manera en la cual estructura el mundo (Beck, 1979), resulta de importancia que el paciente pueda registrar sus comportamientos y evaluar cu\u00e1nto impacto genera tambi\u00e9n en sus emociones, pensamientos y sensaciones f\u00edsicas.<\/p>\n\n\n\n<figure class=\"wp-block-image\"><img decoding=\"async\" src=\"https:\/\/lh7-rt.googleusercontent.com\/docsz\/AD_4nXd87YWl6EwkTNIkBKIMVUmnz4eTlGXdhoUeD5EPIRyQ6UZjkbbqSM8AFskw2IFvILYYg4VPAe0H_62SgNKl5hLkCIzuy96czuuE9jTVBinHfum_6XRu_4Put9Toxft1EAaNotpA?key=0bXu50KomtOfagNuGZ_5t92-\" alt=\"\"\/><\/figure>\n\n\n\n<ol start=\"6\" class=\"wp-block-list\">\n<li><em>Comentarios<\/em><\/li>\n<\/ol>\n\n\n\n<p>En esta secci\u00f3n el paciente tiene la posibilidad de responder a la pregunta: \u00bfHay algo m\u00e1s que te gustar\u00eda agregar o contarnos? Esto favorece que el paciente pueda agregar observaciones o comentarios que podr\u00eda no reconocer d\u00f3nde incluirlos o bien que excede la informaci\u00f3n incluida en los otros componentes del registro. Resulta importante que el paciente tenga la posibilidad de ampliar informaci\u00f3n sobre su estado psicol\u00f3gico para enriquecer su conceptualizaci\u00f3n y, en consecuencia, mejorar su tratamiento.&nbsp;<\/p>\n\n\n\n<figure class=\"wp-block-image\"><img decoding=\"async\" src=\"https:\/\/lh7-rt.googleusercontent.com\/docsz\/AD_4nXePB6Q3vSFxSWxvf2TELZZ-a30A7d2w7IXau4aYOLPYw8tMdHsiMQegzks477S3lpmC6Xgxyu-XA_oELHcfFxQoDVWtTa_BbX3WCpMj92G7F5Ymx7Ly09JVcjrCEQDtA5NgGwfR?key=0bXu50KomtOfagNuGZ_5t92-\" alt=\"\"\/><\/figure>\n\n\n\n<ul class=\"wp-block-list\">\n<li><em>Estad\u00edsticas<\/em><\/li>\n<\/ul>\n\n\n\n<p>En este apartado, tanto el paciente como el profesional, pueden acceder a la visualizaci\u00f3n de los siguientes datos: una tabla que incluye: d\u00eda;&nbsp; hora; conducta; Escala Bristol; sensaciones f\u00edsicas;&nbsp; emociones y la intensidad; pensamientos; estado de \u00e1nimo del d\u00eda y estresor semanal. Asimismo, puede seleccionar la visualizaci\u00f3n de un gr\u00e1fico de burbujas donde se muestran los registros cargados de la escala Bristol y las emociones y otro donde se reflejan las sensaciones f\u00edsicas y las emociones experimentadas por el paciente. En cuanto a los gr\u00e1ficos de tipo burbujas, el tama\u00f1o de los c\u00edrculos representa la intensidad de la emoci\u00f3n en relaci\u00f3n con las sensaciones f\u00edsicas y la Escala de Bristol se indica en color.<\/p>\n\n\n\n<figure class=\"wp-block-image\"><img decoding=\"async\" src=\"https:\/\/lh7-rt.googleusercontent.com\/docsz\/AD_4nXdk2pM1yD73xX9MK5unnC-vNR8nJchIj8nORLpKRuR573gIOYJ5g8h3ELYDjs9MsK21eXeuYGw80YyAqViKhmPn-sfckDzdXP-vwoA3I63EPSp6qJewH6nEO-mF5WDKNfc3koFulw?key=0bXu50KomtOfagNuGZ_5t92-\" alt=\"\"\/><\/figure>\n\n\n\n<ul class=\"wp-block-list\">\n<li><em>Comunidad y Educaci\u00f3n: psicoeducaci\u00f3n y preguntas frecuentes<\/em><\/li>\n<\/ul>\n\n\n\n<figure class=\"wp-block-image\"><img decoding=\"async\" src=\"https:\/\/lh7-rt.googleusercontent.com\/docsz\/AD_4nXcD7VMiRZruqHAo3DiNmvqvJNyVePyTRGzTPtqNpUn1w0NBXgvgP1GmX1jFdSHa1lMoxcarA33A-UkjPRjHC7uOlBt2RDx8tOwg6BNR7cHaHOIR961RAuqlXGGerwMrfYwprYYQ?key=0bXu50KomtOfagNuGZ_5t92-\" alt=\"\"\/><\/figure>\n\n\n\n<figure class=\"wp-block-image\"><img decoding=\"async\" src=\"https:\/\/lh7-rt.googleusercontent.com\/docsz\/AD_4nXdZM-TnLe8qlJszedVx2DBTbk9Hd2y0zDx5g4d3kQx4WxJMKoJ0cTEPv4As_TOK5rmrZ9n1kglaYaRWNEeK9Z07bz9YRlOdecV_ZiOBYi0Pi2w03g7bJwjnXc5JMu8GGEpb9NS_QQ?key=0bXu50KomtOfagNuGZ_5t92-\" alt=\"\"\/><\/figure>\n\n\n\n<p>La secci\u00f3n de psicoeducaci\u00f3n, presenta informaci\u00f3n validada acerca del SII: diagn\u00f3stico, control de los s\u00edntomas y mejora de la calidad de vida y los factores psicol\u00f3gicos y alimenticios que pueden empeorar el cuadro. Resulta un componente activo muy importante dentro de la Terapia Cognitivo Conductual para el tratamiento de todo trastorno mental ya que sirve al prop\u00f3sito de brindar al paciente informaci\u00f3n objetiva y correcta que pueda ser necesaria para generar puntos de vista alternativos y adaptativos ante determinadas experiencias de los pacientes (Keegan y Holas, 2009).<\/p>\n\n\n\n<p>A su vez, implica un apartado esencial en los pacientes con SII ya que los ayuda a convivir con una enfermedad cr\u00f3nica, favorece la modificaci\u00f3n de la percepci\u00f3n disruptiva y limitante que tiene la enfermedad en la vida del paciente y promueve la normalizaci\u00f3n de la sintomatolog\u00eda del cuadro logrando romper con ciertos mitos que circulan sobre la etiolog\u00eda del SII, entre otros (Kinsinger, 2017).<\/p>\n\n\n\n<p>En la secci\u00f3n preguntas frecuentes, se despliegan diversas inquietudes asociadas con la gravedad, el tratamiento y el pron\u00f3stico del SII y su correspondiente respuesta. Las mismas, suelen estar presentes usualmente en los pacientes con este diagn\u00f3stico. Es creciente la prevalencia en torno a las preocupaciones de los pacientes sobre la asociaci\u00f3n del SII con enfermedades graves. Asimismo,&nbsp; el hecho de que desde lo m\u00e9dico no se le encuentra una causa netamente org\u00e1nica en el desarrollo de sus s\u00edntomas despierta m\u00faltiples inquietudes e inseguridades en estos pacientes. Por \u00faltimo, son frecuentes las dudas sobre la \u201ccura\u201d del s\u00edndrome, por lo cual resulta de relevancia dar respuesta sobre el abordaje de esta problem\u00e1tica cr\u00f3nica. Al igual que la secci\u00f3n de psicoeducaci\u00f3n, es de suma importancia que los pacientes accedan a informaci\u00f3n validada que favorezca la disminuci\u00f3n de la incertidumbre, y en consecuencia, de la ansiedad que muchas veces viene asociada a dicha desinformaci\u00f3n.&nbsp;<\/p>\n","protected":false},"excerpt":{"rendered":"<p>Digestivamente se trata de una aplicaci\u00f3n web cuyo objetivo es que los pacientes con diagn\u00f3stico de S\u00edndrome de intestino irritable (SII) puedan registrar los factores psicol\u00f3gicos e identificar su relaci\u00f3n con los s\u00edntomas gastrointestinales.\u00a0 En l\u00ednea con diversas investigaciones (Burisch y Munkholm, 2015; Ankersen et al., 2017), se espera que la aplicaci\u00f3n favorezca una mayor [&hellip;]<\/p>\n","protected":false},"author":1,"featured_media":19,"parent":0,"menu_order":0,"comment_status":"closed","ping_status":"closed","template":"","meta":{"footnotes":""},"class_list":["post-69","page","type-page","status-publish","has-post-thumbnail","hentry"],"_links":{"self":[{"href":"https:\/\/blog.digestivamente.com.ar\/index.php\/wp-json\/wp\/v2\/pages\/69","targetHints":{"allow":["GET"]}}],"collection":[{"href":"https:\/\/blog.digestivamente.com.ar\/index.php\/wp-json\/wp\/v2\/pages"}],"about":[{"href":"https:\/\/blog.digestivamente.com.ar\/index.php\/wp-json\/wp\/v2\/types\/page"}],"author":[{"embeddable":true,"href":"https:\/\/blog.digestivamente.com.ar\/index.php\/wp-json\/wp\/v2\/users\/1"}],"replies":[{"embeddable":true,"href":"https:\/\/blog.digestivamente.com.ar\/index.php\/wp-json\/wp\/v2\/comments?post=69"}],"version-history":[{"count":1,"href":"https:\/\/blog.digestivamente.com.ar\/index.php\/wp-json\/wp\/v2\/pages\/69\/revisions"}],"predecessor-version":[{"id":70,"href":"https:\/\/blog.digestivamente.com.ar\/index.php\/wp-json\/wp\/v2\/pages\/69\/revisions\/70"}],"wp:featuredmedia":[{"embeddable":true,"href":"https:\/\/blog.digestivamente.com.ar\/index.php\/wp-json\/wp\/v2\/media\/19"}],"wp:attachment":[{"href":"https:\/\/blog.digestivamente.com.ar\/index.php\/wp-json\/wp\/v2\/media?parent=69"}],"curies":[{"name":"wp","href":"https:\/\/api.w.org\/{rel}","templated":true}]}}